{"id":97,"date":"2015-10-14T13:04:40","date_gmt":"2015-10-14T11:04:40","guid":{"rendered":"http:\/\/kletterkultur.com\/?page_id=97"},"modified":"2019-02-15T10:01:27","modified_gmt":"2019-02-15T09:01:27","slug":"training","status":"publish","type":"page","link":"https:\/\/www.kletterkultur.com\/?page_id=97","title":{"rendered":"Workshop"},"content":{"rendered":"<div class=\"wpb-content-wrapper\"><p>[vc_row][vc_column][section_header use_decoration=&#8220;1&#8243; layout_type=&#8220;section-heading-point-bottom&#8220; main_heading=&#8220;Workshop&#8220; font_size=&#8220;xlarge&#8220; separator_color=&#8220;#dd3333&#8243; css=&#8220;.vc_custom_1497347253083{margin-top: 150px !important;margin-bottom: 75px !important;}&#8220;][\/vc_column][\/vc_row][vc_row css=&#8220;.vc_custom_1497347273677{padding-top: 25px !important;padding-bottom: 50px !important;background-color: #ffffff !important;}&#8220;][vc_column width=&#8220;1\/2&#8243;][vc_column_text]Kletterkultur bringt euch das Schrauben bei! Wir f\u00fchren euch in die Kunst des Boulder- und Routenbaus ein und zeigen euch in unseren Seminaren, wie ihr eure Kletterhalle optimal ausnutzt und spannende Herausforderungen an die W\u00e4nde zaubert.\u00a0Ihr erfahrt, wie ihr Routen f\u00fcr unterschiedliche Schwierigkeitsgrade plant und in optisch anspruchsvolle Griff-und Trittkombinationen umsetzt.[\/vc_column_text][\/vc_column][vc_column width=&#8220;1\/2&#8243;][vc_column_text]Ihr lernt, verschiedene Strukturen so zu schrauben, dass sie Emotionen wecken und die Kletterer immer wieder neu motivieren. Dabei gehen wir auf verschiedene Bewegungsabl\u00e4ufe und ihre Auswirkungen auf Koordination, Reflexe und Physis ein. Und damit beim Schrauben oder Klettern keiner zu Schaden kommt, schulen wir euch ausf\u00fchrlich im Umgang mit der Ausr\u00fcstung und zum Thema Sicherheit in der Boulderhalle.[\/vc_column_text][\/vc_column][\/vc_row][vc_row expanded=&#8220;1,2&#8243; css=&#8220;.vc_custom_1497345758132{padding-top: 50px !important;padding-bottom: 50px !important;background-color: #f4f4f4 !important;}&#8220;][vc_column width=&#8220;1\/4&#8243;][\/vc_column][vc_column width=&#8220;1\/2&#8243;][section_header use_decoration=&#8220;1&#8243; layout_type=&#8220;section-heading-colorblock&#8220; main_heading=&#8220;M\u00f6gliche Seminarinhalte&#8220; font_size=&#8220;small&#8220; css=&#8220;.vc_custom_1497346773420{margin-bottom: 25px !important;}&#8220;][vc_round_chart type=&#8220;doughnut&#8220; stroke_width=&#8220;2&#8243; tooltips=&#8220;&#8220; values=&#8220;%5B%7B%22title%22%3A%22Boulder%22%2C%22value%22%3A%2215%22%2C%22color%22%3A%22pink%22%2C%22custom_color%22%3A%22%236ab165%22%7D%2C%7B%22title%22%3A%22Routen%22%2C%22value%22%3A%2220%22%2C%22color%22%3A%22green%22%2C%22custom_color%22%3A%22%2375d69c%22%7D%2C%7B%22title%22%3A%22Controlling%22%2C%22value%22%3A%2235%22%2C%22color%22%3A%22sky%22%7D%2C%7B%22title%22%3A%22Sicherheit%22%2C%22value%22%3A%2230%22%2C%22color%22%3A%22orange%22%7D%5D&#8220;][vc_column_text]<\/p>\n<p style=\"text-align: center;\">Ob Schulungen f\u00fcr Anf\u00e4nger, Fortgeschrittene oder Profis, Weiterbildungen f\u00fcr das Schrauben im Alltag oder als Vorbereitung f\u00fcr Wettk\u00e4mpfe, wir schneiden unsere Seminare individuell auf eure W\u00fcnsche und die Bed\u00fcrfnisse eurer Hallen zu.<\/p>\n<p>[\/vc_column_text][\/vc_column][vc_column width=&#8220;1\/4&#8243;][\/vc_column][\/vc_row][vc_row expanded=&#8220;1,2&#8243; background_style=&#8220;cover&#8220; background_image=&#8220;9878&#8243; css=&#8220;.vc_custom_1497625842750{padding-top: 50px !important;padding-bottom: 50px !important;}&#8220;][vc_column][vc_column_text css=&#8220;.vc_custom_1458351482482{padding-top: 150px !important;padding-bottom: 150px !important;}&#8220;]<\/p>\n<p>[\/vc_column_text][\/vc_column][\/vc_row][vc_row][vc_column][section_header use_decoration=&#8220;1&#8243; layout_type=&#8220;section-heading-colorblock&#8220; main_heading=&#8220;Wir bieten&#8230;&#8220; color=&#8220;#ffffff&#8220; separator_color=&#8220;#e75133&#8243;][\/vc_column][\/vc_row][vc_row][vc_column width=&#8220;1\/2&#8243;][vc_toggle title=&#8220;Inhalte&#8220; style=&#8220;square_outline&#8220; color=&#8220;black&#8220; open=&#8220;true&#8220; el_id=&#8220;1445112446375-8508c9ef-98ce&#8220;]<\/p>\n<ul>\n<li>Entwicklung des Kletterns<\/li>\n<li>Wichtigkeit des Schraubens<\/li>\n<li>Ideen entwickeln und umsetzen<\/li>\n<li>Bewegungsabl\u00e4ufe und Klettertechniken<\/li>\n<li>Stile und deren Auspr\u00e4gung<\/li>\n<li>Schrauben f\u00fcr den kommerziellen Betrieb und f\u00fcr den Wettkampf<\/li>\n<li>Routen bauen f\u00fcr bestimmte Zielgruppen, z.B. Kinder oder Menschen mit Behinderungen<\/li>\n<li>Arbeitssicherheit<\/li>\n<li>Materialkunde<\/li>\n<li>Controlling<\/li>\n<\/ul>\n<p>[\/vc_toggle][\/vc_column][vc_column width=&#8220;1\/2&#8243;][vc_toggle title=&#8220;Lernziele&#8220; style=&#8220;square_outline&#8220; color=&#8220;black&#8220; open=&#8220;true&#8220; el_id=&#8220;1445112446611-6be3ed94-b719&#8243;]<\/p>\n<ul>\n<li>Praktische Fertigkeiten und Handgriffe beim Schrauben<\/li>\n<li>Grundlegende, zwingende und komplexe Bewegungsabl\u00e4ufe f\u00fcr unterschiedliche Schwierigkeitsgrade<\/li>\n<li>Kreative und k\u00fcnstlerische Betrachtungsweise beim Bauen von Routen<\/li>\n<li>Entwicklung von Schrauberstilen<\/li>\n<li>Abl\u00e4ufe optimieren und Schraubergeschwindigkeit erh\u00f6hen<\/li>\n<li>Routen bauen im laufenden Hallenbetrieb<\/li>\n<li>Zufriedenheit des Hallenbesitzers<\/li>\n<\/ul>\n<p>[\/vc_toggle][\/vc_column][\/vc_row]<\/p>\n<\/div>","protected":false},"excerpt":{"rendered":"<p>[vc_row][vc_column][section_header use_decoration=&#8220;1&#8243; layout_type=&#8220;section-heading-point-bottom&#8220; main_heading=&#8220;Workshop&#8220; font_size=&#8220;xlarge&#8220; separator_color=&#8220;#dd3333&#8243; css=&#8220;.vc_custom_1497347253083{margin-top: 150px !important;margin-bottom: 75px !important;}&#8220;][\/vc_column][\/vc_row][vc_row css=&#8220;.vc_custom_1497347273677{padding-top: 25px !important;padding-bottom: 50px !important;background-color: #ffffff !important;}&#8220;][vc_column width=&#8220;1\/2&#8243;][vc_column_text]Kletterkultur bringt euch das Schrauben bei! Wir f\u00fchren euch in die Kunst des Boulder- und Routenbaus ein und zeigen euch in unseren Seminaren, wie ihr eure Kletterhalle optimal ausnutzt und spannende Herausforderungen an die W\u00e4nde zaubert.\u00a0Ihr erfahrt,&hellip;<\/p>\n","protected":false},"author":1,"featured_media":0,"parent":0,"menu_order":0,"comment_status":"closed","ping_status":"closed","template":"fullwidth.php","meta":[],"_links":{"self":[{"href":"https:\/\/www.kletterkultur.com\/index.php?rest_route=\/wp\/v2\/pages\/97"}],"collection":[{"href":"https:\/\/www.kletterkultur.com\/index.php?rest_route=\/wp\/v2\/pages"}],"about":[{"href":"https:\/\/www.kletterkultur.com\/index.php?rest_route=\/wp\/v2\/types\/page"}],"author":[{"embeddable":true,"href":"https:\/\/www.kletterkultur.com\/index.php?rest_route=\/wp\/v2\/users\/1"}],"replies":[{"embeddable":true,"href":"https:\/\/www.kletterkultur.com\/index.php?rest_route=%2Fwp%2Fv2%2Fcomments&post=97"}],"version-history":[{"count":0,"href":"https:\/\/www.kletterkultur.com\/index.php?rest_route=\/wp\/v2\/pages\/97\/revisions"}],"wp:attachment":[{"href":"https:\/\/www.kletterkultur.com\/index.php?rest_route=%2Fwp%2Fv2%2Fmedia&parent=97"}],"curies":[{"name":"wp","href":"https:\/\/api.w.org\/{rel}","templated":true}]}}